{"id":552,"date":"2025-05-02T23:35:29","date_gmt":"2025-05-02T23:35:29","guid":{"rendered":"https:\/\/opendowear.com\/?post_type=product&#038;p=552"},"modified":"2025-11-26T09:07:46","modified_gmt":"2025-11-26T09:07:46","slug":"astrac-yuksek-bel-toparlayici-cepli-kapri-tayt-2","status":"publish","type":"product","link":"https:\/\/opendowear.com\/?product=astrac-yuksek-bel-toparlayici-cepli-kapri-tayt-2","title":{"rendered":"Opendo Y\u00fcksek Bel Toparlay\u0131c\u0131 Cepli Kapri Tayt"},"content":{"rendered":"<p>&#8211; Y\u00fcksek bel tasar\u0131m\u0131 sayesinde m\u00fckemmel bir siluet sunar ve v\u00fccut hatlar\u0131n\u0131 toparlar.<\/p>\n<p>&#8211; Gen\u00e7 ve dinamik tarza sahip spor giyim koleksiyonunun par\u00e7as\u0131d\u0131r<\/p>\n<p>aktif ya\u015fam tarz\u0131n\u0131za uyum sa\u011flar.<\/p>\n<p>&#8211; Polyester-elastan kar\u0131\u015f\u0131m\u0131ndan olu\u015fan materyali ile uzun s\u00fcreli kullan\u0131m i\u00e7in idealdir ve formunu korur.<\/p>\n<p>&#8211; Gizli cep detaylar\u0131 pratik kullan\u0131m sunarken \u015f\u0131k g\u00f6r\u00fcn\u00fcm\u00fcn\u00fcz\u00fc bozmaz.<\/p>\n<p>&#8211; Her mevsime uygun olan bu tayt, y\u0131l boyunca rahatl\u0131kla tercih edebilirsiniz.<\/p>\n<p>&#8211; Toparlay\u0131c\u0131 \u00f6zelli\u011fi ile bacak b\u00f6lgenizi daha s\u0131k\u0131 g\u00f6stererek kendinizi daha iyi hissetmenize olanak tan\u0131r.<\/p>\n<p>&#8211; Yeti\u015fkin ya\u015f grubuna hitap eden bu \u00fcr\u00fcn, herkes taraf\u0131ndan rahatl\u0131kla kullan\u0131labilir.<\/p>\n<p>&#8211; Y\u00fcksek bel kesimi sayesinde konforlu bir oturu\u015fa sahip olman\u0131z sa\u011flan\u0131rken ayn\u0131 zamanda zarif duru\u015f sergilersiniz.<\/p>\n<p>&#8211; Kapri boyu yaz aylar\u0131 i\u00e7in idealdir<\/p>\n<p>s\u0131cak havalarda serinlik hissi verirken \u015f\u0131kl\u0131\u011f\u0131n\u0131zdan da \u00f6d\u00fcn vermezsiniz.<\/p>\n<p>&#8211; G\u00fcnl\u00fck ortamlarda rahatl\u0131kla giyebilece\u011finiz bu tayt ile spor aktivitelerinden g\u00fcnl\u00fck kombinlere kadar geni\u015f kullan\u0131m alan\u0131 bulur.<\/p>\n<p>&#8211; D\u00fcz deseniyle sadelikten yana olanlar\u0131n tercihi olup, farkl\u0131 \u00fcst giyim par\u00e7alar\u0131yla kolayca kombinlenebilir.<\/p>\n<p>&#8211; Slim fit kal\u0131b\u0131 v\u00fccut hatlar\u0131n\u0131za m\u00fckemmel uyum sa\u011flayarak estetik bir g\u00f6r\u00fcn\u00fcm elde etmenize yard\u0131mc\u0131 olur.<\/p>\n<p>&nbsp;<\/p>\n","protected":false},"excerpt":{"rendered":"<p>&#8211; Y\u00fcksek bel tasar\u0131m\u0131 sayesinde m\u00fckemmel bir siluet sunar ve v\u00fccut hatlar\u0131n\u0131 toparlar. &#8211; Gen\u00e7 ve dinamik tarza sahip spor giyim koleksiyonunun par\u00e7as\u0131d\u0131r aktif ya\u015fam tarz\u0131n\u0131za uyum sa\u011flar. &#8211; Polyester-elastan kar\u0131\u015f\u0131m\u0131ndan olu\u015fan materyali ile uzun s\u00fcreli kullan\u0131m i\u00e7in idealdir ve formunu korur. &#8211; Gizli cep detaylar\u0131 pratik kullan\u0131m sunarken \u015f\u0131k g\u00f6r\u00fcn\u00fcm\u00fcn\u00fcz\u00fc bozmaz. &#8211; Her mevsime [&hellip;]<\/p>\n","protected":false},"featured_media":553,"comment_status":"open","ping_status":"closed","template":"","meta":[],"product_brand":[25],"product_cat":[49,50,22],"product_tag":[],"class_list":{"0":"post-552","1":"product","2":"type-product","3":"status-publish","4":"has-post-thumbnail","6":"product_brand-opendo","7":"product_cat-kapri-bermuda","8":"product_cat-sort","9":"product_cat-tayt","11":"first","12":"instock","13":"shipping-taxable","14":"product-type-simple"},"wc_booster_product_categories":[{"id":49,"name":"Kapri &amp; Bermuda"},{"id":50,"name":"\u015eort"},{"id":22,"name":"Tayt"}],"wc_booster_product_price":null,"wc_booster_product_rating":"","wc_booster_product_banner_img":false,"wc_booster_product_reviews":[],"wc_booster_product_stock_data":{"manage_stock":false,"total_stock":null,"sold_stock":0},"_links":{"self":[{"href":"https:\/\/opendowear.com\/index.php?rest_route=\/wp\/v2\/product\/552","targetHints":{"allow":["GET"]}}],"collection":[{"href":"https:\/\/opendowear.com\/index.php?rest_route=\/wp\/v2\/product"}],"about":[{"href":"https:\/\/opendowear.com\/index.php?rest_route=\/wp\/v2\/types\/product"}],"replies":[{"embeddable":true,"href":"https:\/\/opendowear.com\/index.php?rest_route=%2Fwp%2Fv2%2Fcomments&post=552"}],"wp:featuredmedia":[{"embeddable":true,"href":"https:\/\/opendowear.com\/index.php?rest_route=\/wp\/v2\/media\/553"}],"wp:attachment":[{"href":"https:\/\/opendowear.com\/index.php?rest_route=%2Fwp%2Fv2%2Fmedia&parent=552"}],"wp:term":[{"taxonomy":"product_brand","embeddable":true,"href":"https:\/\/opendowear.com\/index.php?rest_route=%2Fwp%2Fv2%2Fproduct_brand&post=552"},{"taxonomy":"product_cat","embeddable":true,"href":"https:\/\/opendowear.com\/index.php?rest_route=%2Fwp%2Fv2%2Fproduct_cat&post=552"},{"taxonomy":"product_tag","embeddable":true,"href":"https:\/\/opendowear.com\/index.php?rest_route=%2Fwp%2Fv2%2Fproduct_tag&post=552"}],"curies":[{"name":"wp","href":"https:\/\/api.w.org\/{rel}","templated":true}]}}